 = -11*x - 16. Determine w(-5).
39
Let n(t) = -2*t + 28. Calculate n(16).
-4
Let a(c) = 2*c**2 - 80*c + 68. Determine a(39).
-10
Let u(j) = j**3 + 32*j**2 + 31*j - 71. What is u(-31)?
-71
Let r(b) = 4*b - 69. Calculate r(27).
39
Let a(v) = -6*v**2 + 21. Determine a(-3).
-33
Let z(k) = k**2 + 39*k + 340. What is z(-24)?
-20
Let v(x) = -x**3 - 5*x**2 + 5*x - 2. What is v(-4)?
-38
Let w(k) = 23*k + 174. Determine w(-7).
13
Let f(u) = u**2 - 13*u + 5. Determine f(11).
-17
Let t(u) = 8*u - 23. Calculate t(3).
1
Let a(o) = -o**2 + 8*o + 26. Calculate a(-3).
-7
Let p(n) = -106*n + 16. Determine p(2).
-196
Let s(c) = -2*c**2 + 69*c + 67. Give s(-1).
-4
Let v(i) = 6*i**2 - i - 6. What is v(-3)?
51
Let h(r) = -5*r + 120. Calculate h(25).
-5
Let g(k) = -3*k**2 + 4*k - 4. What is g(3)?
-19
Let a(k) = -3*k**3 - 4*k**2 + 14*k. Determine a(2).
-12
Let i(h) = -h**3 + 7*h**2 - 10*h - 3. Calculate i(7).
-73
Let u(k) = 23*k - 385. What is u(17)?
6
Let n(z) = -z**3 + 18*z**2 - 20*z + 10. Determine n(17).
-41
Let k(l) = 35*l**2 - 2*l - 2. What is k(-1)?
35
Let k(l) = l**2 - 9. Determine k(-3).
0
Let f(p) = 59*p + 68. Calculate f(-1).
9
Let m(o) = 9*o**2 - 10*o + 7. Calculate m(4).
111
Let y(d) = d**3 + 2*d**2 + 3*d - 5. What is y(-3)?
-23
Let d(j) = j**3 + 33*j**2 + j + 40. Calculate d(-33).
7
Let y(w) = 2*w**3 + 15*w**2 + 8*w - 5. Determine y(-6).
55
Let q(y) = -y**2 + 1. Give q(-7).
-48
Let a(t) = t**2 - 11*t + 10. What is a(9)?
-8
Let n(v) = v - 3. Determine n(-1).
-4
Let n(c) = 37*c - 1. What is n(-1)?
-38
Let u(g) = g**3 - 8*g**2 - g + 1. What is u(8)?
-7
Let p(u) = -u**3 - 4*u**2 + 6*u + 31. Determine p(-3).
4
Let n(v) = -v**3 + 3*v**2 + v - 3. Determine n(3).
0
Let i(t) = -2*t - 1. Give i(-8).
15
Let n(s) = -3*s**3 - 2*s**2 + s + 6. Calculate n(-2).
20
Let y(s) = -s - 13. Give y(-7).
-6
Let g(w) = -w**3 - 28*w**2 - 24*w + 30. What is g(-27)?
-51
Let h(z) = z**3 - 4*z**2 - 5*z - 6. Determine h(5).
-6
Let p(s) = 2*s**2 - 30*s + 54. Determine p(13).
2
Let o(q) = 2*q**2 - 3*q - 8. Determine o(0).
-8
Let r(v) = 4*v**2 + 5*v + 8. Give r(-5).
83
Let u(c) = -6*c**2 - 21*c - 6. Calculate u(-3).
3
Let n(o) = o**2 + 13*o - 10. Determine n(-11).
-32
Let r(c) = c**2 - 4*c + 3. Calculate r(5).
8
Let h(r) = -r**2 - 8*r - 4. Determine h(-8).
-4
Let d(v) = v**2 - 14*v - 51. Calculate d(17).
0
Let u(d) = -d**3 - 4*d**2 + 2. What is u(-2)?
-6
Let w(k) = -k**3 + k**2 + 3*k. Determine w(3).
-9
Let k(g) = g**3 - 8*g**2 + 14*g + 2. What is k(7)?
51
Let z(l) = -l**2 + 2. What is z(6)?
-34
Let p(k) = -10*k + 79. What is p(11)?
-31
Let o(t) = -t + 13. Calculate o(13).
0
Let w(q) = -q**2 + 11*q. Give w(10).
10
Let t(u) = -7*u. Determine t(2).
-14
Let l(y) = 15*y**3 - y**2 - y. What is l(-1)?
-15
Let w(g) = -2*g**3 + 3*g**2 + 2*g. Calculate w(-2).
24
Let x(k) = k**3 - 32*k**2 + 30*k + 59. What is x(31)?
28
Let l(i) = -i**3 - i**2 + i + 75. Determine l(0).
75
Let n(z) = -3*z - 166. Determine n(-30).
-76
Let l(z) = z**3 + 2*z**2 - 14*z + 5. Calculate l(3).
8
Let b(z) = 2*z**2 + 46*z + 33. Give b(-22).
-11
Let d(x) = -x**3 - 7*x**2 - 12*x - 10. Give d(-5).
0
Let m(s) = s**3 - 9*s**2 + 9*s - 11. Determine m(8).
-3
Let k(w) = w**2 + 3*w + 1. Calculate k(-4).
5
Let x(v) = 3*v**3 - 3*v**2 - v - 4. Give x(3).
47
Let p(s) = s**2 - 41*s + 214. Calculate p(35).
4
Let x(p) = p**3 + 12*p**2 - p - 36. Calculate x(-12).
-24
Let l(y) = -11*y - 61. Give l(-5).
-6
Let q(m) = -m**3 + 6*m**2 + m + 2. What is q(5)?
32
Let s(d) = -d**2 + 5*d + 20. Determine s(6).
14
Let p(w) = w**2 - 8*w + 10. What is p(5)?
-5
Let w(x) = -3*x + 1. Give w(1).
-2
Let i(k) = 9*k + 7. Calculate i(-2).
-11
Let y(a) = -a**3 + 13*a**2 - 7*a - 11. Determine y(13).
-102
Let b(k) = -k**3 + 9*k**2 - 22*k + 4. Determine b(5).
-6
Let v(m) = 4*m**2 - 55*m - 14. Determine v(14).
0
Let b(q) = -q**2 + 17*q - 66. Calculate b(11).
0
Let g(k) = k**2 + 5*k - 50. Give g(-9).
-14
Let l(y) = 32*y - 1. Determine l(-1).
-33
Let s(r) = -r**3 - 14*r**2 - 30. Calculate s(-14).
-30
Let g(c) = 2*c**2 + 7*c + 4. Determine g(-3).
1
Let r(p) = -p**3 - 3*p**2 - p. Determine r(-2).
-2
Let w(d) = -2*d - 5. Give w(-1).
-3
Let r(v) = v**3 - 15*v**2 - 16*v + 4. Give r(16).
4
Let f(s) = -2*s**3 + 13*s**2 + 7*s - 15. Determine f(7).
-15
Let h(k) = k**3 + 9*k**2 - 11*k - 13. Give h(-9).
86
Let t(m) = m**3 - 8*m**2 - 181*m + 13. What is t(18)?
-5
Let h(j) = 2*j**2 - 3*j - 24. Give h(0).
-24
Let j(y) = -2*y**2 + 8*y - 1. Determine j(13).
-235
Let s(p) = -p**3 - 11*p**2 + p - 12. Calculate s(-11).
-23
Let z(r) = r**3 - 3*r - 8. Calculate z(0).
-8
Let b(r) = r**3 + 15*r**2 + 19*r - 20. What is b(-14)?
-90
Let y(u) = u**3 + 11*u**2 - 15*u - 32. What is y(-12)?
4
Let b(g) = 2*g - 14. Calculate b(7).
0
Let w(b) = -19*b + 173. Calculate w(9).
2
Let p(k) = k - 10. Calculate p(-14).
-24
Let x(j) = j**3 - 9*j**2 - 8*j + 30. Determine x(10).
50
Let o(h) = -2*h**3 - 2*h**2 + h + 2. Give o(-2).
8
Let g(y) = -y**3 - 25*y**2 + 21*y - 51. Calculate g(-26).
79
Let y(i) = -2*i - 5. Give y(-5).
5
Let b(p) = -p**3 - 17*p**2 + 16*p - 28. Calculate b(-18).
8
Let x(a) = 2*a**3 - 3*a**2 - 5*a - 1. Give x(4).
59
Let m(v) = -v**3 + v**2 + v + 13. Determine m(0).
13
Let b(q) = q + 16. Give b(0).
16
Let s(w) = w**3 + 10*w**2 + 9*w - 12. Give s(-9).
-12
Let v(g) = -3*g**2 + 5*g + 2. Give v(-3).
-40
Let g(p) = p**3 + 12*p**2 + 21*p + 13. Calculate g(-10).
3
Let j(q) = -13*q - 79. Calculate j(-5).
-14
Let b(c) = 2*c**2 + 7*c + 5. What is b(-4)?
9
Let l(r) = 23*r + 1015. Calculate l(-44).
3
Let u(n) = n**3 - 7*n**2 + 4*n + 3. Determine u(6).
-9
Let p(z) = 2*z**2 + 13*z - 4. Determine p(-6).
-10
Let b(k) = 10*k**3 + 2*k**2 + 4*k + 2. Give b(-1).
-10
Let j(h) = h**2 - 12*h - 5. Calculate j(11).
-16
Let y(t) = -4*t**2 + 2*t. What is y(2)?
-12
Let b(r) = 2*r**2 - 19*r + 54. Determine b(4).
10
Let t(i) = -4*i - 29. Calculate t(-6).
-5
Let n(p) = -p**2 + 15*p - 46. Determine n(4).
-2
Let r(h) = 5*h**2 - 17*h - 30. What is r(-2)?
24
Let r(s) = -5*s + 84. Determine r(17).
-1
Let o(a) = 23*a + 7. What is o(-2)?
-39
Let s(z) = -2*z**2 + 12*z - 45. Determine s(5).
-35
Let r(m) = 2*m - 7. Determine r(9).
11
Let y(f) = f**2 - 20*f + 2. What is y(11)?
-97
Let a(w) = 8*w + 21. Calculate a(-2).
5
Let k(j) = 9*j + 4. Determine k(-1).
-5
Let j(v) = -36*v**2 + 8*v + 7. What is j(-1)?
-37
Let q(s) = -7*s**2 + s. Determine q(2).
-26
Let n(b) = -b**2 + 6*b + 16. Determine n(6).
16
Let i(j) = -j**3 - 5*j**2 - 2*j + 1. Determine i(-3).
-11
Let x(q) = q**3 - 3*q**2 - 5*q + 8. Give x(4).
4
Let w(s) = -6*s**2 - 6*s + 3. Calculate w(2).
-33
Let t(w) = w**2 - 18*w + 62. What is t(14)?
6
Let p(x) = -35*x + 27. Determine p(1).
-8
Let p(k) = -k**3 + 13*k**2 + 15*k - 13. Give p(14).
1
Let r(q) = -4*q + 20. Give r(4).
4
Let q(h) = -h**3 + 9*h**2 - 19*h + 10. Determine q(6).
4
Let v(w) = -w - 10. Give v(-20).
10
Let f(p) = p**3 - 18*p**2 + 37*p - 20. Calculate f(16).
60
Let t(y) = -y**3 - 14*y**2 - 12*y + 25. Calculate t(-13).
12
Let l(c) = c**2 + 28*c - 34. Calculate l(-29).
-5
Let n(z) = z**3 - 12*z**2 + 28*z - 10. Calculate n(9).
-1
Let u(s) = 6*s + 100. Give u(-17).
-2
Let z(q) = -20*q**3 + 5*q - 4. Calculate z(1).
-19
Let c(s) = -29*s + 183. Calculate c(6).
9
Let p(o) = 5*o - 44. Calculate p(8).
-4
Let q(z) = -z**2 - 14*z - 31. Calculate q(-9).
14
Let o(j) = j**2 - 1. Give o(4).
15
Let n(r) = -r - 18. Calculate n(-23).
5
Let w(b) = b**2 - 5*b - 48. Determine w(11).
18
Let o(p) = -p**3 - 10*p**2 - 10*p - 12. What is o(-8)?
-60
Let y(s) = -s**2 - 13*s - 13. Calculate y(-14).
-27
Let z(p) = -4*p + 5. Determine z(4).
-11
Let y(m) = 45*m**2 + 7*m - 5. Determine y(1).
47
Let z(y) = -y**3 - 4*y**2 - 8*y - 36. What is z(-4)?
-4
Let b(j) = -j**3 + 3*j**2 + 4*j + 5. Calculate b(4).
5
Let j(x) = -x**3 - 8*x**2 + 5*x - 14. Give j(-9).
22
Let r(b) = -b**3 - 25*b**2 + 25*b - 30. What is r(-26)?
-4
Let y(u) = -u**2 - 14*u + 15. Calculate y(-14).
15
Let n(a) = a**3 - 11*a**2 + 12*a + 1. What is n(10)?
21
Let c(f) = 23*f + 18. Calculate c(-5).
-97
Let u(q) = -q**3 - q**2 - 16*q - 9. Calculate u(0).
-9
Let d(o) = 5*o - 6. Calculate d(-8).
-46
Let d(k) = 2*k**3 + k**2 + 2*k + 1. Determine d(-2).
-15
Let m(t) = -t**3 - 12*t**2 + 14*t - 1. Determine m(-13).
-14
Let q(m) = m**2 - 12*m - 22. Determine q(13).
-9
Let c(q) = -22*q - 28. Give c(4).